{"id":15,"date":"2018-10-03T17:10:48","date_gmt":"2018-10-03T17:10:48","guid":{"rendered":"http:\/\/freunde-alter-technik-roemerstein.de\/?page_id=15"},"modified":"2026-03-11T08:24:02","modified_gmt":"2026-03-11T08:24:02","slug":"willkommen-bei-den-freunden-alter-technik-roemerstein-e-v","status":"publish","type":"page","link":"https:\/\/freunde-alter-technik-roemerstein.de\/","title":{"rendered":"Willkommen bei den Freunden alter Technik R\u00f6merstein"},"content":{"rendered":"<p><span style=\"color: #000000;\"><strong>Aktuelles<\/strong><\/span><\/p>\n<\/p>\n\n\n<p>Liebe Vereinsmitglieder,<br>wir freuen uns, euch herzlich zu unserer <\/p>\n\n\n\n<p><strong>19. ordentlichen Mitgliederversammlung <\/strong><\/p>\n\n\n\n<p>einzuladen. Diese findet am <\/p>\n\n\n\n<p><strong>Samstag, den 14. M\u00e4rz 2026<\/strong><\/p>\n\n\n\n<p>in unserem Vereinsheim in der Kesselgasse (M\u00f6rikestra\u00dfe 4, Donnstetten) statt.<br>Der Abend beginnt um 19:00 Uhr mit einem kulinarischen Highlight: Unser Vereinsmitglied Manfred wird uns wieder mit einem hervorragenden Essen verw\u00f6hnen! Im Anschluss daran, etwa um 20:00 Uhr, startet die Mitgliederversammlung mit der folgenden Tagesordnung:<\/p>\n\n\n\n<ol class=\"wp-block-list\">\n<li>Begr\u00fc\u00dfung und Bericht des Vorsitzenden<\/li>\n\n\n\n<li>Bericht des Schriftf\u00fchrers<\/li>\n\n\n\n<li>Bericht des Kassiers<\/li>\n\n\n\n<li>Bericht des Kassenpr\u00fcfers<\/li>\n\n\n\n<li>Entlastung der Vorstandschaft<\/li>\n\n\n\n<li>Wahlen<\/li>\n\n\n\n<li>W\u00fcnsche und Antr\u00e4ge<\/li>\n\n\n\n<li>Verschiedenes<\/li>\n<\/ol>\n\n\n\n<p><\/p>\n\n\n\n<p><\/p>\n\n\n\n<p><\/p>\n","protected":false},"excerpt":{"rendered":"<p>Aktuelles Liebe Vereinsmitglieder,wir freuen uns, euch herzlich zu unserer 19. ordentlichen Mitgliederversammlung einzuladen. Diese findet am Samstag, den 14. M\u00e4rz 2026 in unserem Vereinsheim in der Kesselgasse (M\u00f6rikestra\u00dfe 4, Donnstetten) statt.Der Abend beginnt um 19:00 Uhr mit einem kulinarischen Highlight: <a class=\"more-link\" href=\"https:\/\/freunde-alter-technik-roemerstein.de\/\">weiterlesen&#8230;<\/a><\/p>\n","protected":false},"author":1,"featured_media":0,"parent":0,"menu_order":0,"comment_status":"closed","ping_status":"closed","template":"","meta":{"footnotes":""},"class_list":["post-15","page","type-page","status-publish","hentry"],"_links":{"self":[{"href":"https:\/\/freunde-alter-technik-roemerstein.de\/index.php\/wp-json\/wp\/v2\/pages\/15","targetHints":{"allow":["GET"]}}],"collection":[{"href":"https:\/\/freunde-alter-technik-roemerstein.de\/index.php\/wp-json\/wp\/v2\/pages"}],"about":[{"href":"https:\/\/freunde-alter-technik-roemerstein.de\/index.php\/wp-json\/wp\/v2\/types\/page"}],"author":[{"embeddable":true,"href":"https:\/\/freunde-alter-technik-roemerstein.de\/index.php\/wp-json\/wp\/v2\/users\/1"}],"replies":[{"embeddable":true,"href":"https:\/\/freunde-alter-technik-roemerstein.de\/index.php\/wp-json\/wp\/v2\/comments?post=15"}],"version-history":[{"count":47,"href":"https:\/\/freunde-alter-technik-roemerstein.de\/index.php\/wp-json\/wp\/v2\/pages\/15\/revisions"}],"predecessor-version":[{"id":434,"href":"https:\/\/freunde-alter-technik-roemerstein.de\/index.php\/wp-json\/wp\/v2\/pages\/15\/revisions\/434"}],"wp:attachment":[{"href":"https:\/\/freunde-alter-technik-roemerstein.de\/index.php\/wp-json\/wp\/v2\/media?parent=15"}],"curies":[{"name":"wp","href":"https:\/\/api.w.org\/{rel}","templated":true}]}}